+ 5. Calculate h(v).
-23
Let w(z) be the third derivative of z**5/60 - 5*z**4/24 - z**3/2 - 33*z**2. Suppose 70 = -5*m + 5*u, -5*m + u - 3*u = 70. Let y = 18 + m. Determine w(y).
-7
Let r = 9529 + -9530. Let i(d) = 22*d**3 + 3*d**2 + 2*d. Give i(r).
-21
Let j be (-17)/(-2) + (-14 - 210/(-12)). Let u(w) = w**3 - 11*w**2 - 15*w + 38. Give u(j).
2
Let l(u) = -7*u**2 - 2*u + 1. Let k(x) = x**3 + 7*x**2 + 28. Let r be k(-7). Let o be 44/28 + 12/r. Calculate l(o).
-31
Let y(h) = -24*h - 4. Let n(w) = 5*w + 1. Let j(r) = 14*n(r) + 3*y(r). Let k(u) = -u + 1. Let g(b) = -2*j(b) + 3*k(b). What is g(4)?
3
Suppose 2*w + 2*n - 2 = 20, -3*w - 4*n = -28. Let t(o) = o**2 - 14*o - 31. Calculate t(w).
1
Let b(m) = -8641*m + 8637*m + 13*m**2 + 3 - 13 - 2*m**3. Calculate b(5).
45
Let z(f) = 14*f - 236. Suppose -32 = -2*p - 17*p + 17*p. What is z(p)?
-12
Let g(l) = 6*l**3 - 20*l**2 + 30*l + 10. Let b(v) = -13*v**3 + 40*v**2 - 59*v - 20. Let s(k) = -5*b(k) - 11*g(k). Determine s(18).
8
Let f(x) = 7*x + 25. Let a = -2155 - -2146. What is f(a)?
-38
Let c(w) = w**2 - 22*w - 17. Suppose -9*y = -81 - 126. Let r be c(y). Let v(f) = f**3 - 6*f**2 + 2*f - 6. Give v(r).
6
Suppose 0 = 4*z - z + 4*k - 35, z = -2*k + 15. Let b(n) = -n**3 + n**2 + 2*n + z*n**2 - 2*n + 9*n - 9. Let q = -512 - -519. Determine b(q).
5
Let p(n) = 3*n**2 + 5*n - 1. Let g(v) = 2*v**2 + 6*v - 1. Let w(y) = 4*g(y) - 3*p(y). Suppose 4*b - 12 = 0, -5*j - 12 = -7*j + 2*b. Determine w(j).
-1
Let m be (-7*1 - -1) + (11 - (-8 - -21)). Let a(g) = -4*g - 14. Give a(m).
18
Let h(w) = -w + 17. Let m = -270 - -279. Let z be h(m). Let d(u) = 2*u - 12. What is d(z)?
4
Let h(q) = -2*q**3 + 11*q**2 - 28*q + 33. Let z(b) = b**2 + 3*b - 1. Let k(u) = h(u) + 9*z(u). Give k(10).
14
Let v(m) = -3*m + 19. Let n be (-48)/(-84)*315/18. Give v(n).
-11
Suppose -2*l - 49 = 5*z, -4*z = -l + 51 - 4. Let x(j) = j**2 + 12*j + 12. Let t be x(z). Let v(g) = 17*g - 1. Calculate v(t).
16
Let t(u) = u + 16. Suppose 0 = -n - 8*m + 6*m - 11, 0 = -3*n + m - 33. Calculate t(n).
5
Let p(y) be the third derivative of -y**6/120 + y**5/4 - y**4/2 - 23*y**3/6 - 254*y**2 + 3*y. Determine p(14).
5
Let n = -839/6 - -140. Let c(z) be the third derivative of 0 + n*z**3 - 28*z**2 - 1/30*z**5 + 1/3*z**4 + 0*z. Calculate c(6).
-23
Let t(j) = 3*j + 79. Suppose -548*z - 6026 - 8770 = 0. Determine t(z).
-2
Let a(z) = -13*z - 3. Let f(p) = -73*p - 35. Let h(o) = 5*a(o) - f(o). Calculate h(5).
60
Let v(b) be the first derivative of -b**4/4 + 4*b**3 - 3*b**2/2 + 6*b - 187. What is v(12)?
-30
Let w(p) = 19*p**2 - 99*p - 69. Let r(k) = 7*k**2 - 35*k - 23. Let b(c) = -11*r(c) + 4*w(c). Suppose 4*x + 16 = 2*x. What is b(x)?
1
Let p(a) = -a**2 - 11*a - 4. Let x(b) = b**2 + 25*b + 95. Suppose -r + 2*r = 5*v, -5*r + 4*v - 21 = 0. Let s be x(r). Calculate p(s).
26
Let c(w) = -57*w + 182. Let l be c(3). Let b(i) = i - 32. Determine b(l).
-21
Let l(h) be the second derivative of -55*h**4/12 + h**3/2 - h**2 + 1817*h. Give l(1).
-54
Let v be 2/(36 + -32 - (-3)/(126/(-164))). Let y(m) = -m**2 + 22*m - 8. What is y(v)?
13
Let y(z) = z - 2. Let m(s) = s**3 - 32*s**2 + 51*s - 28. Let l be m(30). Let k = l - -291. Calculate y(k).
-9
Let f be (-2)/7*-13 + (-2)/(-7). Let x(v) = -2*v - 3*v - 5 + 3*v + 3*v. What is x(f)?
-1
Let d(n) be the first derivative of n**2 + 20*n + 2059. Determine d(4).
28
Let g be (1/4)/(-40 + 296853/7420). Let f(k) = -k**3 + 36*k**2 - 37*k + 58. Determine f(g).
-12
Let p(x) = -6*x**2 + 3*x - 22 + 12 + 6. Let s(n) = -n**2 + n - 1. Let j(k) = p(k) - 5*s(k). What is j(2)?
-7
Let s(i) be the second derivative of -1 + 58*i - 3/2*i**2 + 1/12*i**4 + i**3. Calculate s(-4).
-11
Let z(k) = k**3 + 6*k**2 - 6*k + 4. Let x = -127 + 119. Let o be 1 - (296/(-32))/((-2)/x). Suppose 10*g = -32 - o. Determine z(g).
-3
Suppose 2*f - 12 = -2*w, -4*f + 5*w + 51 = -0*f. Let r(b) = b**2 - 2*b - 58. Let c be r(f). Let o(l) = -l**3 + 4*l**2 + 3*l + 7. What is o(c)?
-3
Suppose 111*q - 92*q - 266 = 0. Let t(r) = 25*r**2 - 11*r**2 + r - 15*r**3 - q*r**2 - 4*r**3. Calculate t(1).
-18
Suppose 5*x + 4*l = -25 - 97, -103 = 4*x + 5*l. Let v(a) = 4*a**2 + 89*a + 22. Give v(x).
0
Let i(g) be the first derivative of 3*g**2 - 57*g - 2666. What is i(14)?
27
Let l be (21/(-14))/((-2)/(-4)). Let q(v) = 2*v + 18. Let a(n) = 4*n + 52. Let h(j) = l*a(j) + 8*q(j). What is h(8)?
20
Let u(z) = -2*z**3 + 2*z**2 + z + 1. Let n(o) be the third derivative of -o**4/12 + 2*o**3/3 + 22*o**2. Let c be n(1). Give u(c).
-5
Suppose 3*m - 2*u - 21 = 0, 2*m + 0*u = 4*u + 22. Suppose 0*x - x = -m. Let i(o) = -1 - 10*o - 1 + x*o + 6*o. Calculate i(6).
4
Let p = 9646 + -9632. Let w(s) = 10*s - 17. What is w(p)?
123
Let d(i) = 13*i - 7. Let l(y) = 23 - 51*y + 12 - 4 - 4. Let s(r) = -15*d(r) - 4*l(r). Let f = -216 + 218. What is s(f)?
15
Let a(c) = 0*c**2 + c**2 + 2 + 10*c - 5 - 5. Let k(m) = m**2 + 17*m + 20. Suppose -116*z + 114*z = 30. Let t be k(z). Calculate a(t).
-8
Let z(s) = s**3 - 7*s**2 + 3*s + 3. Let b = -7686 + 7687. Calculate z(b).
0
Suppose 0 = -26*d + 81 - 29. Let t(h) = -4 + 18*h**2 - 17*h**d + 12*h - 7. Calculate t(-12).
-11
Let o(n) be the first derivative of -n**3/3 + 5*n**2/2 + 3*n - 51. Let v be 6/(-2)*(-434)/186. Determine o(v).
-11
Let i(d) = d**3 - 7*d**2 + 2. Suppose 0 = -3*g - f + 21, g - 7 = -0*g + f. Let b be i(g). Let x(j) = -6*j**b - 28*j + 0*j**3 + 2 + 26*j + j**3. Calculate x(6).
-10
Let g(q) = -2*q**2 + 18*q + 18. Let j(m) = 5*m**2 - 48*m - 52. Let c(l) = -8*g(l) - 3*j(l). Calculate c(7).
61
Suppose -d - 28 + 27 = w, -2*d = -w - 10. Let n(x) = -5*x + 25. What is n(d)?
10
Let i(y) be the first derivative of y**4/4 - 2*y**3/3 - y**2/2 + 169*y - 1766. Calculate i(0).
169
Let z = 156 + -120. Suppose 4*n - 12 = -m, -4*m + 60 + z = 4*n. Let h(t) = 2*t**2 + 31*t**3 - 4*t**3 - 3 - m*t**3. Give h(3).
-12
Suppose 1595*l - 1631*l = -108. Let z(h) = -5*h - 5. Determine z(l).
-20
Let b(s) = -5*s - 286. Let w(j) = 16*j + 815. Let g(c) = -8*b(c) - 3*w(c). Give g(-20).
3
Let r(q) = -2*q - 1 + 3 - 3. Suppose -2 = -41*f + 39*f. Let h be f/(-1)*-2 + (3 - 4). Determine r(h).
-3
Let a(v) = -9*v - 4. Suppose 90*d + 25 = 3*x + 86*d, 0 = 2*x - 4*d - 18. Give a(x).
-67
Let y(l) = l**2 + 20*l + 17. Let z be y(-17). Let r(j) = -2*j - 60. Let f be r(z). Let x(k) = -2*k - 8. Give x(f).
-24
Let q(g) = g**3 + 9*g**2 - 9*g - 2. Let x(p) = p**3 + 11*p**2 - 5*p - 25. Let c be x(-11). Let a be (-312)/c*1 + 6/15. Determine q(a).
-12
Let p = 351 - 364. Let u(i) = -2*i**2 - 27*i - 17. Calculate u(p).
-4
Let k(x) = x**3 - 8*x**2 + 9*x - 14. Suppose 0 = s + 5*o - 185, 19*s - 21*s = 5*o - 345. Let w = s - 153. Determine k(w).
0
Let w(i) = 105 - 23*i + 8*i**2 + 0*i**3 - 134 - i**3 - 3*i**3 + 5*i**3. Determine w(-10).
1
Let h(t) = -2*t + 3*t + 3 - 1. Let z(b) be the third derivative of b**5/60 - 7*b**4/8 + 29*b**3/6 + 123*b**2. Let r be z(19). Calculate h(r).
-7
Let a(u) = 1 + u + 5 - u**3 - 10 + 7*u**2. Let h be a(7). Let q(t) = -7*t + 16*t - t**h - 2*t - 6*t. Calculate q(1).
0
Let l(x) be the third derivative of x**5/60 + 5*x**4/24 - 2*x**3/3 + 3*x**2. Let b(o) = 13*o + 190. Let j be (-2736)/190 + (-6)/10. Let f be b(j). Give l(f).
-4
Let c(j) be the second derivative of j**3/6 + 6*j**2 - 2*j - 59. Suppose -o = -2*k - 19, -2*k + o - 24 = 5*o. Determine c(k).
2
Let x = 2668 - 2661. Let b(u) = u**2 - 3*u - 8. What is b(x)?
20
Let m(u) = -u**2 + 5*u + 1. Let z = -12 + -5. Let h = -14 - z. Give m(h).
7
Let k(p) = p**3 + 7*p**2 - 13*p + 7. Suppose -68*i = 18*i + 414 + 274. Determine k(i).
47
Let l(v) = -v**2 - 3*v - 3. Let i(m) = -3*m + 41. Suppose -t - 4*q + 3*q + 17 = 0, 3*t - 4*q = 37. Let g be i(t). Determine l(g).
-7
Let w(s) = s**2 + 21*s - 21. Let l(y) = -36. Let v(g) = 3*l(g) + w(g). What is v(-26)?
1
Let x(l) = -l**3 + 10*l**2 + 14*l - 10. Suppose -8*b + 6*b - 25 = -5*j, 0 = 4*b + 20. Suppose -5*h + 0*h = -4*u + 24, j*u + 2*h = 41. Calculate x(u).
23
Let g(t) = -9*t**3 - 35*t**2 - 94*t - 11. Let f(v) = -5*v**3 - 18*v**2 - 48*v - 4. Let s(h) = -7*f(h) + 4*g(h). Give s(-10).
-16
Let f(r) = -r**2 - 17*r + 936. Let a be f(-40). Let v(z) = -17*z + 276. Calculate v(a).
4
Let c(s) = -3*s + 22. Let m be 316/10*2 + 3/(-15). Suppose -57*u = -m*u + 54. What is c(u)?
-5
Let c = -51 + 42. Let d be (c + 3 + -4)/(1/(-2)). Suppose